{"id":369,"date":"2024-08-23T06:10:01","date_gmt":"2024-08-23T06:10:01","guid":{"rendered":"https:\/\/viruelamono.es\/?page_id=369"},"modified":"2024-08-23T06:10:01","modified_gmt":"2024-08-23T06:10:01","slug":"proteccio-de-vacunacion-previa-contra-viruela","status":"publish","type":"page","link":"https:\/\/viruelamono.es\/index.php\/proteccio-de-vacunacion-previa-contra-viruela\/","title":{"rendered":"Protecci\u00f3 de vacunaci\u00f3n previa contra viruela"},"content":{"rendered":"\n<p>La vacunaci\u00f3n previa contra la viruela proporciona cierta protecci\u00f3n contra enfermedades graves, pero no ofrece protecci\u00f3n de por vida contra infectarse e infectar a alguien m\u00e1s. Durante el brote que comenz\u00f3 en 2022, varias personas que fueron infectadas con el virus de la viruela del mono hab\u00edan sido vacunadas previamente contra la viruela d\u00e9cadas antes. En un informe de 181 casos de mpox confirmados en Espa\u00f1a, 32 (18%) ten\u00edan antecedentes de vacunaci\u00f3n contra la viruela en su infancia.<\/p>\n","protected":false},"excerpt":{"rendered":"<p>La vacunaci\u00f3n previa contra la viruela proporciona cierta protecci\u00f3n contra enfermedades graves, pero no ofrece protecci\u00f3n de por vida contra infectarse e infectar a alguien m\u00e1s. Durante el brote que comenz\u00f3 en 2022, varias personas que fueron infectadas con el <a href=\"https:\/\/viruelamono.es\/index.php\/proteccio-de-vacunacion-previa-contra-viruela\/\" class=\"read-more\">Leer m\u00e1s&#8230;<\/a><\/p>\n","protected":false},"author":1,"featured_media":0,"parent":0,"menu_order":0,"comment_status":"closed","ping_status":"closed","template":"","meta":{"footnotes":""},"class_list":["post-369","page","type-page","status-publish","hentry"],"_links":{"self":[{"href":"https:\/\/viruelamono.es\/index.php\/wp-json\/wp\/v2\/pages\/369","targetHints":{"allow":["GET"]}}],"collection":[{"href":"https:\/\/viruelamono.es\/index.php\/wp-json\/wp\/v2\/pages"}],"about":[{"href":"https:\/\/viruelamono.es\/index.php\/wp-json\/wp\/v2\/types\/page"}],"author":[{"embeddable":true,"href":"https:\/\/viruelamono.es\/index.php\/wp-json\/wp\/v2\/users\/1"}],"replies":[{"embeddable":true,"href":"https:\/\/viruelamono.es\/index.php\/wp-json\/wp\/v2\/comments?post=369"}],"version-history":[{"count":1,"href":"https:\/\/viruelamono.es\/index.php\/wp-json\/wp\/v2\/pages\/369\/revisions"}],"predecessor-version":[{"id":371,"href":"https:\/\/viruelamono.es\/index.php\/wp-json\/wp\/v2\/pages\/369\/revisions\/371"}],"wp:attachment":[{"href":"https:\/\/viruelamono.es\/index.php\/wp-json\/wp\/v2\/media?parent=369"}],"curies":[{"name":"wp","href":"https:\/\/api.w.org\/{rel}","templated":true}]}}